k + 4927. Calculate o(-52).
-13
Let v(o) = -2*o**3 - 275*o**2 - 664*o + 1455. Give v(-135).
-30
Let y(b) = 634*b - 19647. Determine y(31).
7
Let q(k) = 3*k**3 + 2*k**2 - 95*k + 239. Determine q(6).
389
Let v(t) = t**3 - 9*t**2 - 1665*t - 8020. Give v(-5).
-45
Let b(c) = -2*c**2 + 76*c + 432. Determine b(37).
506
Let i(w) = 611*w + 197353. Calculate i(-323).
0
Let i(q) = -11030*q - 485208. Give i(-44).
112
Let o(s) = -34*s**3 + 66*s**2 + 15*s + 55. What is o(-3)?
1522
Let h(w) = 3*w**3 + 553*w**2 + 209*w + 5265. What is h(-184)?
665
Let m(a) = 1931*a + 119687. Determine m(-62).
-35
Let j(v) = -39*v**2 - 9170*v - 1176. What is j(-235)?
-1
Let i(q) = -1581*q + 14133. Calculate i(9).
-96
Let s(b) = 24225*b + 193799. What is s(-8)?
-1
Let f(t) = -236579*t - 1419463. Give f(-6).
11
Let h(p) = -1483*p + 3764. Calculate h(2).
798
Let m(y) = -23299*y + 71932. Give m(3).
2035
Let d(k) = k**3 - 191*k**2 + 1543*k - 46922. What is d(184)?
-2
Let z(w) = -7728*w - 68727. Give z(-9).
825
Let b(d) = -d**2 + 5*d + 3380. Give b(65).
-520
Let l(z) = -31*z**3 + 13*z**2 - 92*z - 245. Give l(-2).
239
Let u(s) = 3*s**2 + 43266*s - 216327. Determine u(5).
78
Let i(p) = -40*p**2 - 889*p + 462. What is i(-23)?
-251
Let s(c) = 16*c**2 - 513*c - 179. Determine s(32).
-211
Let c(x) = 3086*x + 509322. Determine c(-165).
132
Let a(d) = -d**3 + 6*d**2 + 79*d - 98. Determine a(15).
-938
Let x(u) = -9*u**3 + 164*u**2 + 639*u + 204. Give x(-3).
6
Let d(o) = 14*o**2 - 396*o - 1148. Give d(-3).
166
Let q(w) = -w**3 + 239*w**2 + 17263*w + 2144. Give q(-58).
-2
Let y(d) = 222825*d - 9135840. Determine y(41).
-15
Let c(f) = -f**2 - 22426*f - 89682. Calculate c(-4).
6
Let t(f) = -3*f**3 - 30*f**2 + 259*f + 3143. Give t(-14).
1869
Let t(u) = -6*u**3 + 380*u**2 - 114*u - 828. What is t(63)?
-72
Let n(k) = 495*k + 34680. Calculate n(-70).
30
Let z(v) = 1923699*v - 11542202. What is z(6)?
-8
Let z(d) = -4*d**3 - 133*d**2 + 135*d + 1133. Calculate z(-34).
11
Let h(y) = -93462*y + 2430012. Determine h(26).
0
Let m(s) = 65598*s - 2624015. Determine m(40).
-95
Let g(q) = 44972*q - 89993. Determine g(2).
-49
Let n(f) = -4*f**3 - 566*f**2 + 288*f + 463. Give n(-142).
-105
Let m(j) = -270*j + 48860. Calculate m(180).
260
Let r(z) = 47*z**2 - 4365*z + 88657. Determine r(30).
7
Let p(z) = 2923*z**2 - 108142*z - 332. Determine p(37).
1
Let d(h) = 183*h - 4502. Calculate d(-17).
-7613
Let z(g) = g**3 + 23*g**2 - 8356*g + 72605. Calculate z(9).
-7
Let u(p) = -p**2 - 3136*p - 12552. Give u(-4).
-24
Let c(s) = -7*s**2 - 905*s - 25977. Determine c(-43).
-5
Let h(t) = 27*t**3 - t**2 + 287*t + 289. Give h(-1).
-26
Let o(v) = -v**3 + 285*v - 1306. What is o(5)?
-6
Let l(b) = -40*b**3 - 437*b**2 + 50*b - 78. What is l(-11)?
-265
Let r(w) = -38*w**3 + 190*w**2 + 135*w - 695. Determine r(5).
-20
Let s(m) = 5239*m + 172889. Determine s(-33).
2
Let z(h) = h**3 - 24*h**2 - 636*h - 311. What is z(39)?
-2300
Let p(q) = 266*q**2 - 3171*q - 46. Determine p(12).
206
Let c(q) = -151*q - 4331. What is c(-29)?
48
Let f(n) = -n**3 + 3*n**2 + 1685*n + 7. Calculate f(0).
7
Let j(z) = -17259*z + 17077. What is j(1)?
-182
Let h(m) = -54*m**3 + 2273*m**2 - 189*m - 120. Calculate h(42).
762
Let d(i) = i**3 - 17*i**2 - 386*i + 6002. What is d(15)?
-238
Let b(c) = -20*c**2 + 1213*c - 787. Determine b(60).
-7
Let s(b) = 2*b**3 - 6*b**2 + 66982*b - 66977. Calculate s(1).
1
Let w(j) = -4404*j - 1184668. Give w(-269).
8
Let h(o) = -2*o**2 + 28*o + 772. What is h(28)?
-12
Let q(b) = 73*b**3 + 4894*b**2 + 94*b - 7169. Give q(-67).
0
Let c(d) = -6*d**2 + 71512*d - 214525. Give c(3).
-43
Let r(n) = -5457*n + 49189. Calculate r(9).
76
Let g(t) = t**3 - 15*t**2 - 1017*t + 677. Give g(40).
-3
Let f(u) = 1160*u - 7291. What is f(5)?
-1491
Let i(m) = 9*m**3 + 4090*m**2 + 1821*m + 2300. Give i(-454).
30
Let y(t) = 7*t**3 + 15*t**2 - 10*t - 250. Give y(-4).
-418
Let o(b) = 947*b**2 - 5688*b - 1. What is o(6)?
-37
Let m(a) = a**3 + 22*a**2 + 129*a + 507. Calculate m(-16).
-21
Let w(s) = 278*s**2 + 3340*s - 3568. Give w(-13).
-6
Let y(n) = 6*n**3 - 434*n**2 + 2029*n + 32. What is y(5)?
77
Let y(s) = 38855*s - 349716. Calculate y(9).
-21
Let c(b) = -b**3 + 608*b**2 - 1822*b + 9. Give c(3).
-12
Let q(k) = -k**3 - 4*k**2 + 2289*k + 483. Determine q(46).
-23
Let a(s) = -69*s + 2117. What is a(27)?
254
Let a(m) = -m**2 + 53682*m + 429525. Calculate a(-8).
5
Let l(j) = 221*j - 58864. Give l(270).
806
Let o(p) = 1086*p - 11296. Calculate o(10).
-436
Let x(l) = 2906*l - 14985. What is x(5)?
-455
Let a(j) = j**3 + 3*j**2 + 65*j + 644. What is a(-12)?
-1432
Let r(q) = -18586*q - 1728550. Determine r(-93).
-52
Let q(x) = x**2 + 212*x + 5357. Calculate q(-29).
50
Let n(t) = -t**3 - 43*t**2 - 356*t - 634. Calculate n(-33).
224
Let j(m) = 134*m**2 + 45*m + 68. What is j(-1)?
157
Let p(z) = z**2 - 125*z - 544. Give p(53).
-4360
Let w(b) = b**3 + 2*b**2 - 41*b + 422. Determine w(-10).
32
Let w(v) = 2*v**3 + 121*v**2 + 312*v + 557. Determine w(-58).
-719
Let x(c) = -c**3 - 682*c**2 - 113123*c + 8737. Calculate x(-397).
3
Let q(d) = -5*d**3 + 909*d**2 + 187*d - 784. What is q(182)?
126
Let i(b) = b**2 + 3238*b + 501168. What is i(-163)?
-57
Let l(y) = 259*y + 1574. What is l(-8)?
-498
Let s(x) = 1669*x + 1126584. Determine s(-675).
9
Let j(c) = c + 433. Give j(-32).
401
Let h(f) = 359*f - 243. Determine h(-12).
-4551
Let z(q) = -q**3 + q**2 - 27*q + 606. Give z(0).
606
Let a(b) = -25*b**2 - 46525*b + 93051. What is a(2)?
-99
Let j(p) = p**2 + 18*p - 5262. What is j(67)?
433
Let k(w) = w**3 + 226*w**2 - 667*w + 4584. What is k(-229)?
4
Let s(c) = -c**3 - 11*c**2 + 26*c - 30. Determine s(10).
-1870
Let u(q) = 1350*q**2 - 94487*q - 904. Determine u(70).
6
Let z(t) = t**3 - 7*t**2 + 113*t - 1712. Determine z(14).
1242
Let b(d) = -d**2 + 1287*d + 1361455. What is b(-689)?
-9
Let y(s) = 6*s**2 + 136*s - 151. Calculate y(-23).
-105
Let s(q) = 2*q**2 + 783*q + 56714. Give s(-96).
-22
Let q(b) = 38536*b + 9865202. Determine q(-256).
-14
Let g(q) = 82*q - 7131. What is g(72)?
-1227
Let h(u) = 11*u**2 + 503*u + 1289. Calculate h(-6).
-1333
Let c(i) = -36*i**3 - 577*i**2 - 17*i - 8. Give c(-16).
8
Let o(b) = -9162*b - 485604. Determine o(-53).
-18
Let b(d) = -19710*d + 98511. Determine b(5).
-39
Let t(d) = -811*d**2 - 52053*d - 9549. Calculate t(-64).
-13
Let w(j) = j**3 - 20*j**2 + 78*j - 1534. What is w(17)?
-1075
Let a(h) = -5*h**2 - 384*h - 4798. Calculate a(-64).
-702
Let z(m) = -9*m**2 + 636*m - 8420. What is z(53)?
7
Let x(n) = 33*n**2 + 10*n + 214. Give x(5).
1089
Let o(h) = -5*h**3 - 5*h**2 + 1951*h + 17547. Give o(-9).
3228
Let p(o) = -2*o**3 - 67*o**2 + 41*o + 170. Calculate p(-34).
-68
Let w(q) = -544*q + 2807. Determine w(5).
87
Let q(k) = -k**3 + 84*k**2 + 1038*k - 79. Determine q(-11).
-2
Let u(x) = -911*x + 8567. What is u(8)?
1279
Let u(i) = -i**2 + 22980*i + 4682759. Give u(-202).
-5
Let n(k) = 676*k - 76491. What is n(113)?
-103
Let c(h) = 32*h**3 - 772*h**2 + 1612*h + 1. What is c(2)?
393
Let k(o) = -2*o**3 - 68*o**2 + 410*o + 68. Give k(-39).
-712
Let b(r) = 5*r**2 + 3588*r - 70070. Determine b(19).
-93
Let l(c) = 7*c**2 + 3*c - 760. Calculate l(16).
1080
Let s(l) = 12*l**2 - 39502*l - 118494. What is s(-3)?
120
Let l(n) = -4*n**2 + 852*n - 25473. Calculate l(36).
15
Let l(n) = 5374*n**2 + 10745*n - 17. What is l(-2)?
-11
Let m(v) = v**3 - 30*v**2 + 221*v + 102. What is m(14)?
60
Let d(j) = 9*j**2 + 40*j - 884. Give d(-11).
-235
Let s(u) = -u**2 + 81*u + 5405. What is s(-63)?
-3667
Let q(a) = -14*a**2 - 76*a + 502. What is q(6)?
-458
Let l(m) = 8556*m + 470590. Determine l(-55).
10
Let w(o) = 91054*o + 16936037. What is w(-186)?
-7
Let r(g) = -11*g**3 - 534*g**2 - 287*g - 174. Determine r(-48).
-222
Let r(u) = -1878008*u + 3755999. What is r(2)?
-17
Let b(k) = -k**3 + 53*k**2 - 331*k + 293. Give b(6).
-1
Let q(d) = -57*d**2 + 1691*d + 578. Give q(30).
8
Let v(q) = -602*q - 20097. Calculate v(-33).
-231
Let q(z) = -78*z**3 + 5*z**2 - 2047*z - 4100. What is q(-2)?
638
Let p(b) = -3*b**2 - 571*b - 1822. Calculate p(-188).
-506
Let x(b) = 718*b - 22676. Calculate x(32).
300
Let k(q) = -11*q**3 - 102*q**2 - 27*q. Give k(-9).
0
Let z(b) = -10452*b - 198342. What is z(-19)?
246
Let q(s) = -s**3 - 17*s**2 + 34*s + 1014. Determine q(-14).
-50
Let r(z) = -z**